common divisor of i and 6.
6
Let a(z) = -106*z - 2. Let h be a(-2). Let p = h - 90. What is the greatest common factor of p and 15?
15
Let i be (-20)/(-5) + (173 - 2). What is the highest common factor of i and 7?
7
Let v(x) = -x**3 + 7*x**2 - 6*x + 4. Let r be v(6). Let w be 21 - (-1 - -4) - 0. Let i = w - 2. Calculate the greatest common divisor of i and r.
4
Suppose -7*p = 5*o - 3*p - 110, 4*o = -5*p + 79. Calculate the highest common factor of o and 78.
26
Suppose -75*x + 72*x + 288 = 0. Calculate the greatest common divisor of x and 12.
12
Suppose -4*z = -k - 4, -z + 5*k - 8 = 10. Let u(n) = z - 2*n**2 + 2*n**2 - 2*n**2 + 4*n**2 - 2*n. Let y be u(2). What is the greatest common factor of y and 15?
3
Let a = -6 - 15. Let k be 2/6 - 77/a. Suppose -3*g + 27 = -k*t, 3*g - g - 2*t - 16 = 0. Calculate the highest common factor of g and 10.
5
Let g be 3*((-15)/(-9) - 1). Suppose 3*i + 20 = g*c, 0*i + 5 = c + i. What is the highest common divisor of 35 and c?
7
Let i(j) = j**3 - j**2 - j + 54. Suppose -g = -3 - 1. Let s = g + -4. Let h be i(s). What is the highest common factor of 36 and h?
18
Let h = -209 - -308. Let c = h - 61. What is the highest common divisor of c and 57?
19
Let s(v) = -11*v - 8. Let d be s(-4). What is the highest common factor of d and 12?
12
Let a = 18 + -1. Let j be (-4 - -1)*(-561)/9. Calculate the highest common factor of j and a.
17
Suppose -2*j - 6 = j. Let r = j - -11. What is the greatest common factor of r and 3?
3
Let m be (-156)/(-5) + 3/(-15). Suppose -5*n + m = -64. Calculate the greatest common factor of n and 38.
19
Suppose 17*u = 14*u - 87. Let y = -17 - u. Calculate the greatest common factor of y and 132.
12
Suppose 4*k = -3*u + 206, k + 2*u = u + 52. Let g = 170 - k. Calculate the highest common divisor of 15 and g.
15
Suppose -196 = -2*c - 76. Calculate the greatest common factor of 20 and c.
20
Let m be (4/3)/((-2)/(-3)). Let z(j) = 2*j**3 + 2*j**2 + j - 2. Let s be z(m). Suppose 3*k - 29 = -5. Calculate the greatest common divisor of s and k.
8
Let x = 14 + -5. Let o be (-24 - 3)/(0 + -4 - -3). What is the highest common factor of x and o?
9
Let a = 461 + -321. Let w = 46 - -10. What is the greatest common divisor of w and a?
28
Suppose h + l = 4, -2*h - 3*h + l = -50. Let w(p) = 7*p - 6. Let a be w(6). What is the greatest common divisor of h and a?
9
Let x(f) = -f**3 + 9*f**2 - 6*f - 8. Let p be x(8). Let u = -155 - -235. What is the highest common factor of p and u?
8
Let u = -27 - -137. What is the greatest common factor of u and 10?
10
Suppose -2*u = -5*c - 44, -2*c = -2*u + 26 + 6. Calculate the highest common factor of u and 108.
12
Let y = -15 - -28. Let q = y - 6. Suppose 8 = -4*x + 260. Calculate the highest common factor of q and x.
7
Let g = 2 + 0. Suppose -4*c = -4*r + 40, 2*c - 35 = -5*r + 2*r. Let b = r - g. Calculate the highest common factor of b and 72.
9
Let c be (-1239)/(-42) + (-1 - (-5)/2). Calculate the greatest common divisor of c and 155.
31
Let w(v) = 16*v**3 + v. Suppose -5*n = 3 - 8. Let r be w(n). What is the highest common factor of r and 68?
17
Let v be -1*1 + -1 + 3 + 21. What is the greatest common divisor of v and 2?
2
Let h = 11 - -11. What is the greatest common divisor of h and 55?
11
Let m be 24/10*(-15)/(-6). What is the greatest common divisor of m and 114?
6
Let r be (1 - 13)*(-297)/6. Let z be (2/3)/(2/r). What is the highest common factor of 18 and z?
18
Suppose 32 = 6*l - 16. Calculate the greatest common factor of l and 104.
8
Let a(b) = b**3 - 5*b**2 + b + 7. Let q(t) = t**2 + 7*t + 5. Let k be q(-7). Let p be a(k). Calculate the highest common factor of p and 3.
3
Suppose -2*b - 5*f = -f - 104, f = 4*b - 199. Calculate the greatest common factor of 20 and b.
10
Let q(a) = 3*a + 4. Let y be q(3). Suppose 8*d - 6*d - 16 = 0. Let k = y - d. Calculate the highest common factor of 5 and k.
5
Let d = -7 - -9. Suppose 0 = 5*a - 4*l - 24, -3*a - l = d*l - 9. What is the greatest common factor of 16 and a?
4
Suppose 0 = 2*w - 2*y + 2, 9 = -5*y - 1. Let d be (-32)/w*(-6)/(-2). Let v(f) = f**2 + 8. Let m be v(0). What is the highest common divisor of d and m?
8
Let k = 134 + -94. Let u(p) = -p**3 - 10*p**2 - 6*p - 44. Let n be u(-10). Calculate the highest common divisor of k and n.
8
Let n be (-554)/(-10) + (-6)/(-10). What is the greatest common factor of 7 and n?
7
Let l be 6 + 3 + 0 + -7. Let a be l/(-11) - (-112)/11. What is the highest common factor of a and 10?
10
Suppose -s = 2*u - 6*u + 15, 5*u - 10 = 3*s. Suppose g - u = -0. Let d(w) = -11*w - 1. Let v be d(-1). What is the highest common divisor of g and v?
5
Let d be (-4)/(-12)*-2 + 28/6. Calculate the highest common divisor of d and 2.
2
Suppose 0 = -4*y + 2*m + 41 + 45, -3*y = -5*m - 68. Let a be (154/3)/((-4)/(-18)). What is the highest common divisor of y and a?
21
Let j = -99 - -117. Calculate the highest common factor of j and 126.
18
Suppose 3*s - 3*k = -7*k - 35, -5*s + 3*k = 97. Let r be (-4)/16 + s/(-4). Calculate the highest common factor of r and 20.
4
Let c = 85 + -232. Let i be c/(-2) + 27/18. Suppose u = -5*q + 20, -u = -3*u + q + 62. Calculate the highest common factor of u and i.
15
Suppose 0 = -3*a + 4*p + 14, -a + 0*a = 2*p - 8. What is the highest common factor of 54 and a?
6
Let b = -4 - -4. Suppose -v + 0*v = b. Suppose 3*d - 4*f = 8 - 1, v = -d + 5*f - 5. What is the highest common divisor of d and 55?
5
Suppose 4*k + 20 = 4*l, 4*k - 5 = 2*l - 3*l. Suppose k = u - 18 - 32. Calculate the highest common factor of 10 and u.
10
Suppose 5*m - 40 = -0*m. Let p = 11 - m. Suppose 98 = -2*b + p*b + 5*k, 0 = -k - 2. What is the highest common divisor of b and 12?
12
Let d = -10 - -21. Let r = 15 - d. Suppose r*a - 28 = 3*a. What is the greatest common factor of a and 70?
14
Let v(s) be the second derivative of -19*s**3/6 - s**2 + s. Let w(x) = -4*x + 2. Let q be w(2). Let p be v(q). Calculate the greatest common factor of p and 16.
16
Suppose 4*t - 360 + 20 = 5*f, 0 = f - 3*t + 57. Let s = -169 - f. Let x = -57 - s. What is the highest common divisor of x and 8?
8
Let q(a) = -13*a - 2. Let c be q(-2). Let n(w) = -w + 6. Let d be n(-6). Suppose d = 4*h - c. Calculate the highest common factor of 18 and h.
9
Let q be (-68)/(-7) - (-6)/21. Let l = -6 + q. Suppose -l*m + 13 + 19 = 0. What is the greatest common factor of 20 and m?
4
Let j(p) = -4 + 2*p + p**2 + 0 + 3 - 2*p**3. Let s be j(-3). Calculate the highest common divisor of 14 and s.
14
Suppose -3*l - 9 = -3*s, 6*s + 5*l = 2*s + 3. What is the greatest common divisor of 6 and s?
2
Suppose -540 = -5*r - 4*r. Calculate the highest common divisor of 36 and r.
12
Let z(p) = p**3 + 4*p**2 - 5*p - 4. Let w be z(-4). Calculate the highest common factor of 40 and w.
8
Let h = -9 + 11. Let m = 5 + h. Calculate the highest common divisor of 1 and m.
1
Let z be -2 - -13 - (-8)/2*-1. Let d be (-2)/(-6) + (-40)/(-6). Suppose 3*l - 4*i = d, 6*i = -4*l + 2*i. What is the greatest common divisor of z and l?
1
Let b(y) = 10*y - 8. Let s be b(5). Calculate the highest common factor of s and 6.
6
Suppose w - 2*y - 15 = -43, 4*w + y = -94. Let d = w - -14. Let h = d + 65. Calculate the highest common factor of 5 and h.
5
Let v(t) = -68*t - 3. Let r be v(-2). Calculate the greatest common divisor of 19 and r.
19
Let q(p) = -p**2 + 2. Let d be q(0). Suppose 3*j = -15, 33 = m + d*j - 6*j. Calculate the highest common factor of 13 and m.
13
Suppose -5*q = 25, a + 5*q + 28 = 11. Calculate the highest common factor of 32 and a.
8
Suppose -100 = -4*p - 4*v, -3*p - 4*v = -8 - 69. Calculate the highest common divisor of 161 and p.
23
Suppose -3*o = 2*c - 37, 0 = -c + o + 18 - 7. Let a be (-33)/(-7) - (-4)/c. Suppose g + 2*g = 30. Calculate the highest common divisor of g and a.
5
Let z = -645 - -905. Calculate the highest common factor of z and 52.
52
Suppose -3*a = 3 - 15. Suppose 0 = -a*q - 0 + 4, -5*f - 4*q + 214 = 0. Let v be 3*(-3)/3 + 17. What is the greatest common divisor of f and v?
14
Let j be 7 - 4 - 10/(-1). Suppose 2*d - 8 - 4 = 0. Suppose -d*k + 2*k = -364. What is the highest common divisor of j and k?
13
Suppose 3*t + 4*u - 221 = -57, 3*t - 160 = -5*u. Suppose -t = d + d. Let l = d + 105. Calculate the greatest common divisor of l and 15.
15
Let